{"id":533,"date":"2016-06-02T08:29:41","date_gmt":"2016-06-02T08:29:41","guid":{"rendered":"http:\/\/marcbuleon.com\/conte\/?page_id=533"},"modified":"2020-08-12T14:09:21","modified_gmt":"2020-08-12T14:09:21","slug":"envol","status":"publish","type":"page","link":"https:\/\/marcbuleon.com\/conte\/?page_id=533","title":{"rendered":"Envol"},"content":{"rendered":"\n<blockquote class=\"wp-block-quote\"><p><span class=\"has-inline-color has-vivid-cyan-blue-color\">Cont\u00e9 par Marc Bul\u00e9on et illustr\u00e9 en direct par Odile Kayser (dessins projet\u00e9s sur \u00e9cran)<\/span><\/p><\/blockquote>\n\n\n\n<p><strong>L&rsquo;histoire : <\/strong><\/p>\n\n\n\n<h4>Deux histoires qui parlent du passage d&rsquo;un \u00e2ge de la vie \u00e0 un autre et du d\u00e9passement de soi mais aussi de libert\u00e9 et de plaisir.<\/h4>\n\n\n\n<h4>Tout commence par de simples t\u00e2ches d&rsquo;encre dans lesquelles chacun projette ses images. Apparaissent ensuite dessins et sculptures r\u00e9alis\u00e9s et projet\u00e9s en direct par la plasticienne Odile Kayser. Feeling, improvisation, humeur, tout est diff\u00e9rent d&rsquo;une repr\u00e9sentation \u00e0 l&rsquo;autre mais \u00e0 chaque fois la magie op\u00e8re.<\/h4>\n\n\n\n<figure class=\"wp-block-image size-large\"><img data-attachment-id=\"546\" data-permalink=\"https:\/\/marcbuleon.com\/conte\/?attachment_id=546\" data-orig-file=\"https:\/\/i0.wp.com\/marcbuleon.com\/conte\/wp-content\/uploads\/2016\/06\/CCE000081.jpeg?fit=2291%2C1606&amp;ssl=1\" data-orig-size=\"2291,1606\" data-comments-opened=\"0\" data-image-meta=\"{&quot;aperture&quot;:&quot;0&quot;,&quot;credit&quot;:&quot;&quot;,&quot;camera&quot;:&quot;&quot;,&quot;caption&quot;:&quot;&quot;,&quot;created_timestamp&quot;:&quot;0&quot;,&quot;copyright&quot;:&quot;&quot;,&quot;focal_length&quot;:&quot;0&quot;,&quot;iso&quot;:&quot;0&quot;,&quot;shutter_speed&quot;:&quot;0&quot;,&quot;title&quot;:&quot;&quot;,&quot;orientation&quot;:&quot;0&quot;}\" data-image-title=\"CCE00008\" data-image-description=\"\" data-medium-file=\"https:\/\/i0.wp.com\/marcbuleon.com\/conte\/wp-content\/uploads\/2016\/06\/CCE000081.jpeg?fit=300%2C210&amp;ssl=1\" data-large-file=\"https:\/\/i0.wp.com\/marcbuleon.com\/conte\/wp-content\/uploads\/2016\/06\/CCE000081.jpeg?fit=665%2C466&amp;ssl=1\" loading=\"lazy\" width=\"665\" height=\"466\" src=\"https:\/\/i0.wp.com\/marcbuleon.com\/conte\/wp-content\/uploads\/2016\/06\/CCE000081.jpeg?resize=665%2C466\" alt=\"\" class=\"wp-image-546\" srcset=\"https:\/\/i0.wp.com\/marcbuleon.com\/conte\/wp-content\/uploads\/2016\/06\/CCE000081.jpeg?resize=1024%2C718&amp;ssl=1 1024w, https:\/\/i0.wp.com\/marcbuleon.com\/conte\/wp-content\/uploads\/2016\/06\/CCE000081.jpeg?resize=300%2C210&amp;ssl=1 300w, https:\/\/i0.wp.com\/marcbuleon.com\/conte\/wp-content\/uploads\/2016\/06\/CCE000081.jpeg?w=1330 1330w, https:\/\/i0.wp.com\/marcbuleon.com\/conte\/wp-content\/uploads\/2016\/06\/CCE000081.jpeg?w=1995 1995w\" sizes=\"(max-width: 665px) 100vw, 665px\" data-recalc-dims=\"1\" \/><\/figure>\n\n\n\n<p><span class=\"has-inline-color has-vivid-cyan-blue-color\"><em>Plus de renseignements : marcbuleon@hotmail.com \/ 00 33 6 61 89 92 94<\/em><\/span><\/p>\n","protected":false},"excerpt":{"rendered":"<p>Cont\u00e9 par Marc Bul\u00e9on et illustr\u00e9 en direct par Odile Kayser (dessins projet\u00e9s sur \u00e9cran) L&rsquo;histoire : Deux histoires qui parlent du passage d&rsquo;un \u00e2ge de la vie \u00e0 un autre et du d\u00e9passement de soi mais aussi de libert\u00e9 et de plaisir. Tout commence par de simples t\u00e2ches d&rsquo;encre dans lesquelles chacun projette ses [&hellip;]<\/p>\n","protected":false},"author":1,"featured_media":0,"parent":268,"menu_order":0,"comment_status":"closed","ping_status":"closed","template":"","meta":{"spay_email":""},"jetpack_sharing_enabled":true,"jetpack_likes_enabled":true,"_links":{"self":[{"href":"https:\/\/marcbuleon.com\/conte\/index.php?rest_route=\/wp\/v2\/pages\/533"}],"collection":[{"href":"https:\/\/marcbuleon.com\/conte\/index.php?rest_route=\/wp\/v2\/pages"}],"about":[{"href":"https:\/\/marcbuleon.com\/conte\/index.php?rest_route=\/wp\/v2\/types\/page"}],"author":[{"embeddable":true,"href":"https:\/\/marcbuleon.com\/conte\/index.php?rest_route=\/wp\/v2\/users\/1"}],"replies":[{"embeddable":true,"href":"https:\/\/marcbuleon.com\/conte\/index.php?rest_route=%2Fwp%2Fv2%2Fcomments&post=533"}],"version-history":[{"count":10,"href":"https:\/\/marcbuleon.com\/conte\/index.php?rest_route=\/wp\/v2\/pages\/533\/revisions"}],"predecessor-version":[{"id":827,"href":"https:\/\/marcbuleon.com\/conte\/index.php?rest_route=\/wp\/v2\/pages\/533\/revisions\/827"}],"up":[{"embeddable":true,"href":"https:\/\/marcbuleon.com\/conte\/index.php?rest_route=\/wp\/v2\/pages\/268"}],"wp:attachment":[{"href":"https:\/\/marcbuleon.com\/conte\/index.php?rest_route=%2Fwp%2Fv2%2Fmedia&parent=533"}],"curies":[{"name":"wp","href":"https:\/\/api.w.org\/{rel}","templated":true}]}}