{"id":31,"date":"2014-07-12T22:47:57","date_gmt":"2014-07-12T22:47:57","guid":{"rendered":"http:\/\/marcbuleon.com\/conte\/?page_id=31"},"modified":"2019-01-24T13:38:19","modified_gmt":"2019-01-24T13:38:19","slug":"stages","status":"publish","type":"page","link":"https:\/\/marcbuleon.com\/conte\/?page_id=31","title":{"rendered":"Stages"},"content":{"rendered":"<p>Prochains stages :<\/p>\n<p>&#8211; <strong>STAGE \u00ab\u00a0RYTHME DE LA PAROLE\u00a0\u00bb<\/strong><\/p>\n<p><strong>les 6 et 7 avril 2019 \u00e0 BOSC LE HARD<\/strong> (76) &#8211; stage organis\u00e9 par l&rsquo;association Nuit d&rsquo;\u00e9toiles et pluie de contes.<\/p>\n<p>Ouvert \u00e0 toute personne ayant d\u00e9j\u00e0 une pratique, m\u00eame l\u00e9g\u00e8re, du conte.<\/p>\n<p>Raconter une histoire, c\u2019est mettre en connexion ce que nous dit cette histoire et les \u201ctraces\u201d\u00a0 imprim\u00e9es\u00a0 au plus profond de nous par la vie, afin que l\u2019acte de raconter ne soit pas simplement un acte de \u201cm\u00e9morisation-r\u00e9citation\u201d mais plut\u00f4t d&rsquo; \u201cexp\u00e9rimentation intime-transmission\u201d.<\/p>\n<p>Nous encombrons souvent inutilement les histoires. Par manque de confiance en elles, nous les \u00e9touffons parfois \u00e0 force de mots. Lors de ces journ\u00e9es de travail, je vous propose de voir comment le silence et le rythme \u2013 l&rsquo;un et l&rsquo;autre se nourrissant mutuellement \u2013 peuvent structurer une parole et lui permettre de s&rsquo;\u00e9panouir dans la simplicit\u00e9 propre \u00e0 l&rsquo;art du conte.<\/p>\n<p>Nous travaillerons \u00e9galement sur la place du conteur et la libert\u00e9 laiss\u00e9e aux spectateurs.<\/p>\n<p>Nombre de stagiaires maximum\u00a0: 12<br \/>\nDur\u00e9e du stage\u00a0: sur 2 jours, de 9h30 \u00e0 12h30 et de 14h \u00e0 17h<\/p>\n<p style=\"text-align: center;\">**********<\/p>\n<p>&#8211; <strong>STAGE DE CONTE \u00c0 DEUX VOIX<\/strong> : Conte et conte \/ Conte et musique \/ Conte et dessin \u2026.<\/p>\n<p><strong>11, 12, 13 septembre 2019 \u00e0 St Jean de Boiseau (44)<\/strong>, dans le cadre de la 5\u00e8me \u00e9dition de la Folle Nuit du Conte*<\/p>\n<p>Juste avant la cinqui\u00e8me \u00e9dition de la Folle Nuit du Conte, l&rsquo;association Paroles de Partout vous propose un stage de conte \u00e0 deux voix avec Marc Bul\u00e9on.<\/p>\n<p>Stage ouvert \u00e0 toute personne ayant ou non une pratique du conte.<\/p>\n<p class=\"western\"><span style=\"font-size: large;\"><b>-Objectifs<\/b><\/span>\u00a0:<\/p>\n<p class=\"western\">Le duo est une forme fr\u00e9quemment choisie par les conteuses et les conteurs pour dire une histoire (duos conteur-conteur, conteur-musicien, conteur-danseur, conteur-dessinateur\u2026)<\/p>\n<p class=\"western\">Le stage permettra \u00e0 ceux et celles qui le souhaitent de s\u2019essayer au duo ou, pour ceux et celles qui le pratiquent d\u00e9j\u00e0 d\u2019approfondir leur travail.<\/p>\n<p class=\"western\">Nous nous pencherons particuli\u00e8rement sur trois points\u00a0:<\/p>\n<p class=\"western\">-Le rythme comme point d\u2019ancrage entre les deux membres d\u2019un duo.<\/p>\n<p class=\"western\">-Le duo comme une fugue (au sens musical du terme) plut\u00f4t que comme un simple accompagnement.<\/p>\n<p class=\"western\">-La confiance r\u00e9ciproque.<\/p>\n<p>H\u00e9bergement : Des b\u00e9n\u00e9voles de Paroles de Partout proposent de vous h\u00e9berger gracieusement du mercredi soir au dimanche matin et de vous accueillir \u00e0 leur table, tout aussi gracieusement, chaque soir.<\/p>\n<p>-Nous prendrons les repas du midi en commun et partagerons les frais.<\/p>\n<p>Tarif : 240 \u20ac . Pas de prise en charge par l\u2019Afdas.<\/p>\n<p><strong>Rens &amp; inscriptions : Marc Buleon : 06 61 89 92 94 ou marcbuleon@hotmail.com<\/strong><\/p>\n<p>*Nuit du 14 au 15 septembre \u00e0 St Jean de Boiseau, pr\u00e8s de Nantes sur les bords de la Loire.<\/p>\n<p>Pour en savoir plus : parolesdepartout.com<\/p>\n<p>&nbsp;<\/p>\n<p>&nbsp;<\/p>\n<p>&nbsp;<\/p>\n<p>&nbsp;<\/p>\n<p><em><span style=\"color: #800080;\">Si vous vous occupez d\u2019une biblioth\u00e8que d\u00e9partementale, d\u2019une m\u00e9diath\u00e8que, d\u2019une association de conteurs ou d\u2019une autre structure susceptible d\u2019\u00eatre int\u00e9ress\u00e9e par un stage de conte&#8230; contactez nous : cl.conte@hotmail.fr<\/span><\/em><\/p>\n<p>&nbsp;<\/p>\n","protected":false},"excerpt":{"rendered":"<p>Prochains stages : &#8211; STAGE \u00ab\u00a0RYTHME DE LA PAROLE\u00a0\u00bb les 6 et 7 avril 2019 \u00e0 BOSC LE HARD (76) &#8211; stage organis\u00e9 par l&rsquo;association Nuit d&rsquo;\u00e9toiles et pluie de contes. Ouvert \u00e0 toute personne ayant d\u00e9j\u00e0 une pratique, m\u00eame l\u00e9g\u00e8re, du conte. Raconter une histoire, c\u2019est mettre en connexion ce que nous dit cette [&hellip;]<\/p>\n","protected":false},"author":1,"featured_media":0,"parent":0,"menu_order":0,"comment_status":"closed","ping_status":"closed","template":"","meta":{"spay_email":""},"jetpack_sharing_enabled":true,"jetpack_likes_enabled":true,"_links":{"self":[{"href":"https:\/\/marcbuleon.com\/conte\/index.php?rest_route=\/wp\/v2\/pages\/31"}],"collection":[{"href":"https:\/\/marcbuleon.com\/conte\/index.php?rest_route=\/wp\/v2\/pages"}],"about":[{"href":"https:\/\/marcbuleon.com\/conte\/index.php?rest_route=\/wp\/v2\/types\/page"}],"author":[{"embeddable":true,"href":"https:\/\/marcbuleon.com\/conte\/index.php?rest_route=\/wp\/v2\/users\/1"}],"replies":[{"embeddable":true,"href":"https:\/\/marcbuleon.com\/conte\/index.php?rest_route=%2Fwp%2Fv2%2Fcomments&post=31"}],"version-history":[{"count":9,"href":"https:\/\/marcbuleon.com\/conte\/index.php?rest_route=\/wp\/v2\/pages\/31\/revisions"}],"predecessor-version":[{"id":654,"href":"https:\/\/marcbuleon.com\/conte\/index.php?rest_route=\/wp\/v2\/pages\/31\/revisions\/654"}],"wp:attachment":[{"href":"https:\/\/marcbuleon.com\/conte\/index.php?rest_route=%2Fwp%2Fv2%2Fmedia&parent=31"}],"curies":[{"name":"wp","href":"https:\/\/api.w.org\/{rel}","templated":true}]}}

<p>Prochains stages :</p>
<p>&#8211; <strong>STAGE « RYTHME DE LA PAROLE »</strong></p>
<p><strong>les 6 et 7 avril 2019 à BOSC LE HARD</strong> (76) &#8211; stage organisé par l&rsquo;association Nuit d&rsquo;étoiles et pluie de contes.</p>
<p>Ouvert à toute personne ayant déjà une pratique, même légère, du conte.</p>
<p>Raconter une histoire, c’est mettre en connexion ce que nous dit cette histoire et les “traces”  imprimées  au plus profond de nous par la vie, afin que l’acte de raconter ne soit pas simplement un acte de “mémorisation-récitation” mais plutôt d&rsquo; “expérimentation intime-transmission”.</p>
<p>Nous encombrons souvent inutilement les histoires. Par manque de confiance en elles, nous les étouffons parfois à force de mots. Lors de ces journées de travail, je vous propose de voir comment le silence et le rythme – l&rsquo;un et l&rsquo;autre se nourrissant mutuellement – peuvent structurer une parole et lui permettre de s&rsquo;épanouir dans la simplicité propre à l&rsquo;art du conte.</p>
<p>Nous travaillerons également sur la place du conteur et la liberté laissée aux spectateurs.</p>
<p>Nombre de stagiaires maximum : 12<br />
Durée du stage : sur 2 jours, de 9h30 à 12h30 et de 14h à 17h</p>
<p style="text-align: center;">**********</p>
<p>&#8211; <strong>STAGE DE CONTE À DEUX VOIX</strong> : Conte et conte / Conte et musique / Conte et dessin ….</p>
<p><strong>11, 12, 13 septembre 2019 à St Jean de Boiseau (44)</strong>, dans le cadre de la 5ème édition de la Folle Nuit du Conte*</p>
<p>Juste avant la cinquième édition de la Folle Nuit du Conte, l&rsquo;association Paroles de Partout vous propose un stage de conte à deux voix avec Marc Buléon.</p>
<p>Stage ouvert à toute personne ayant ou non une pratique du conte.</p>
<p class="western"><span style="font-size: large;"><b>-Objectifs</b></span> :</p>
<p class="western">Le duo est une forme fréquemment choisie par les conteuses et les conteurs pour dire une histoire (duos conteur-conteur, conteur-musicien, conteur-danseur, conteur-dessinateur…)</p>
<p class="western">Le stage permettra à ceux et celles qui le souhaitent de s’essayer au duo ou, pour ceux et celles qui le pratiquent déjà d’approfondir leur travail.</p>
<p class="western">Nous nous pencherons particulièrement sur trois points :</p>
<p class="western">-Le rythme comme point d’ancrage entre les deux membres d’un duo.</p>
<p class="western">-Le duo comme une fugue (au sens musical du terme) plutôt que comme un simple accompagnement.</p>
<p class="western">-La confiance réciproque.</p>
<p>Hébergement : Des bénévoles de Paroles de Partout proposent de vous héberger gracieusement du mercredi soir au dimanche matin et de vous accueillir à leur table, tout aussi gracieusement, chaque soir.</p>
<p>-Nous prendrons les repas du midi en commun et partagerons les frais.</p>
<p>Tarif : 240 € . Pas de prise en charge par l’Afdas.</p>
<p><strong>Rens &amp; inscriptions : Marc Buleon : 06 61 89 92 94 ou marcbuleon@hotmail.com</strong></p>
<p>*Nuit du 14 au 15 septembre à St Jean de Boiseau, près de Nantes sur les bords de la Loire.</p>
<p>Pour en savoir plus : parolesdepartout.com</p>
<p>&nbsp;</p>
<p>&nbsp;</p>
<p>&nbsp;</p>
<p>&nbsp;</p>
<p><em><span style="color: #800080;">Si vous vous occupez d’une bibliothèque départementale, d’une médiathèque, d’une association de conteurs ou d’une autre structure susceptible d’être intéressée par un stage de conte&#8230; contactez nous : cl.conte@hotmail.fr</span></em></p>
<p>&nbsp;</p>

<p>Prochains stages : &#8211; STAGE « RYTHME DE LA PAROLE » les 6 et 7 avril 2019 à BOSC LE HARD (76) &#8211; stage organisé par l&rsquo;association Nuit d&rsquo;étoiles et pluie de contes. Ouvert à toute personne ayant déjà une pratique, même légère, du conte. Raconter une histoire, c’est mettre en connexion ce que nous dit cette [&hellip;]</p>
