{"id":259,"date":"2014-08-29T12:53:17","date_gmt":"2014-08-29T12:53:17","guid":{"rendered":"http:\/\/marcbuleon.com\/conte\/?page_id=259"},"modified":"2023-05-09T09:32:48","modified_gmt":"2023-05-09T09:32:48","slug":"public-adolescents-adultes","status":"publish","type":"page","link":"https:\/\/marcbuleon.com\/conte\/?page_id=259","title":{"rendered":"Public Adolescents\/ Adultes"},"content":{"rendered":"<h1>\u00a0<\/h1>\n<blockquote>\n<h1 class=\"title\"><a style=\"color: #b70100;\" title=\"BABEL\" href=\"http:\/\/marcbuleon.com\/conte\/?page_id=159\" rel=\"bookmark\">42.195, le marathon d&rsquo;une vie<\/a><\/h1>\n<h4><em><span style=\"color: #0000ff;\">\u00ab\u00a0On vogue de Jean Echenoz \u00e0 Hom\u00e8re, de moments l\u00e9gers aux sc\u00e8nes intenses, des sourires aux discr\u00e8tes larmes&#8230;\u00a0\u00bb<\/span><\/em>\u00a0 Fanny Guyomard, Les Echos Week-End<\/h4>\n<\/blockquote>\n<h3>\u00a0<\/h3>\n<h2>L&rsquo;histoire :<\/h2>\n<h5 style=\"text-align: left;\"><strong>42.195, c\u2019est la longueur pr\u00e9cise, en m\u00e8tres, d\u2019un marathon.<\/strong><\/h5>\n<h5 style=\"text-align: left;\"><strong>A vingt ans Z\u00e9phyrin Legros r\u00eave de devenir champion de la discipline.<\/strong><\/h5>\n<h5 style=\"text-align: left;\"><strong>Sur les chemins escarp\u00e9s de l&rsquo;entra\u00eenement intensif, plusieurs fois il se fourvoie. Un jour il va trop loin et sa vie bascule.<\/strong><\/h5>\n<h5 style=\"text-align: left;\"><strong>4 m\u00e8tres, c\u2019est la distance que devra tenter de franchir ce m\u00eame Z\u00e9phyrin Legros \u00e0 l\u2019\u00e2ge de quatre-vingts ans, la distance qui s\u00e9pare le fauteuil sur lequel il est assis de la porte des toilettes de sa chambre \u00e0 la maison de retraite\u2026<\/strong><\/h5>\n<h5 style=\"text-align: left;\"><strong>42.195 est un spectacle qui parle de la trace qu\u2019on laisse derri\u00e8re soi. (Voir vid\u00e9o)<\/strong><\/h5>\n<h1 class=\"title\"><a style=\"color: #b70100;\" title=\"BABEL\" href=\"http:\/\/marcbuleon.com\/conte\/?page_id=159\" rel=\"bookmark\">BABEL<\/a><\/h1>\n<div class=\"entry\">\n<div>\n<p><img data-attachment-id=\"261\" data-permalink=\"https:\/\/marcbuleon.com\/conte\/?attachment_id=261\" data-orig-file=\"https:\/\/i2.wp.com\/marcbuleon.com\/conte\/wp-content\/uploads\/2014\/08\/unnamed-e1409316691853.jpg?fit=500%2C375&amp;ssl=1\" data-orig-size=\"500,375\" data-comments-opened=\"0\" data-image-meta=\"{&quot;aperture&quot;:&quot;0&quot;,&quot;credit&quot;:&quot;&quot;,&quot;camera&quot;:&quot;&quot;,&quot;caption&quot;:&quot;&quot;,&quot;created_timestamp&quot;:&quot;0&quot;,&quot;copyright&quot;:&quot;&quot;,&quot;focal_length&quot;:&quot;0&quot;,&quot;iso&quot;:&quot;0&quot;,&quot;shutter_speed&quot;:&quot;0&quot;,&quot;title&quot;:&quot;&quot;}\" data-image-title=\"Tour de Babel conte\" data-image-description=\"\" data-medium-file=\"https:\/\/i2.wp.com\/marcbuleon.com\/conte\/wp-content\/uploads\/2014\/08\/unnamed-e1409316691853.jpg?fit=300%2C225&amp;ssl=1\" data-large-file=\"https:\/\/i2.wp.com\/marcbuleon.com\/conte\/wp-content\/uploads\/2014\/08\/unnamed-e1409316691853.jpg?fit=500%2C375&amp;ssl=1\" loading=\"lazy\" class=\"alignright wp-image-261 \" src=\"https:\/\/i1.wp.com\/marcbuleon.com\/conte\/wp-content\/uploads\/2014\/08\/unnamed.jpg?resize=109%2C82\" alt=\"Tour de Babel conte\" width=\"109\" height=\"82\" data-recalc-dims=\"1\" \/><\/p>\n<h2>R\u00e9cit et th\u00e9\u00e2tre d\u2019objets <em><strong>(Ce spectacle n&rsquo;est plus disponible)<\/strong><\/em><\/h2>\n<p>Ce spectacle de Marc Bul\u00e9on, cr\u00e9\u00e9 en d\u00e9cembre 2013,\u00a0 est un conte fabuleux, un r\u00eave inaccessible autour de la mythique tour de Babel (Voir vid\u00e9o).<\/p>\n<h1 class=\"title\"><a style=\"color: #b70100;\" title=\"La g\u00e9om\u00e9trie des silences\" href=\"http:\/\/marcbuleon.com\/conte\/?page_id=151\" rel=\"bookmark\">La g\u00e9om\u00e9trie des silences<\/a><\/h1>\n<div class=\"entry\">\n<div>\n<p><img loading=\"lazy\" style=\"color: #000000;\" src=\"https:\/\/i1.wp.com\/www.marcbuleon.com\/images\/gds.jpg?resize=80%2C120\" alt=\"\" width=\"80\" height=\"120\" align=\"right\" data-recalc-dims=\"1\" \/><\/p>\n<h2>R\u00e9cit imaginaire de vraies vies<\/h2>\n<p>\u00ab\u00a0La g\u00e9om\u00e9trie des silences\u00a0\u00bb est un r\u00e9cit nourri du travail que Marc Bul\u00e9on m\u00e8ne depuis de nombreuses ann\u00e9es \u00a0aupr\u00e8s de huit conteurs-musiciens autistes adultes et de collectages effectu\u00e9s dans leurs familles.<\/p>\n<p>La vie de l\u2019un d\u2019entre eux, de sa naissance \u00e0 aujourd\u2019hui, et son passage de la non parole \u00e0 une forme de parole, compl\u00e8tement \u00e9clat\u00e9e certes mais pleinement assum\u00e9e, constitue l\u2019ossature de ce r\u00e9cit. (Voir vid\u00e9o)<\/p>\n<\/div>\n<div>\n<h1 class=\"title\"><a style=\"color: #b70100;\" title=\"A port\u00e9e de voix \u2013 r\u00e9cit imaginaire de vraies vies\" href=\"http:\/\/marcbuleon.com\/conte\/?page_id=155\" rel=\"bookmark\">A port\u00e9e de voix<\/a><\/h1>\n<div class=\"entry\">\n<div>\n<p><img loading=\"lazy\" class=\"alignright\" style=\"color: #000000;\" src=\"https:\/\/i1.wp.com\/www.marcbuleon.com\/images\/gds2.jpg?resize=82%2C123\" alt=\"\" width=\"82\" height=\"123\" align=\"left\" data-recalc-dims=\"1\" \/><\/p>\n<h2><b>R\u00e9cit imaginaire de vraies vies<\/b><\/h2>\n<p>\u00ab\u00a0A port\u00e9e de voix\u00a0\u00bb raconte l\u2019odyss\u00e9e de compagnons autistes qui se battent durant des ann\u00e9es pour acqu\u00e9rir une certaine forme de parole et pouvoir un jour partager leurs histoires avec un large public. (Voir vid\u00e9o)<\/p>\n<\/div>\n<div>\u00a0<\/div>\n<\/div>\n<\/div>\n<\/div>\n<\/div>\n<\/div>\n<h1 class=\"title\"><a style=\"color: #b70100;\" title=\"A port\u00e9e de voix \u2013 r\u00e9cit imaginaire de vraies vies\" href=\"http:\/\/marcbuleon.com\/conte\/?page_id=155\" rel=\"bookmark\">Orph\u00e9e, sur l&rsquo;autre rive du fleuve<\/a><\/h1>\n<p class=\"western\"><span style=\"font-family: Candara,sans-serif;\"><span style=\"font-size: medium;\">Nous sommes trois, <\/span><\/span><span style=\"font-family: Candara,sans-serif;\"><span style=\"font-size: medium;\"><b>Julien B\u00e9har <\/b><\/span><\/span><span style=\"font-family: Candara,sans-serif;\"><span style=\"font-size: medium;\">(saxophones), <\/span><\/span><span style=\"font-family: Candara,sans-serif;\"><span style=\"font-size: medium;\"><b>Christophe Cha\u00efr<\/b><\/span><\/span><span style=\"font-family: Candara,sans-serif;\"><span style=\"font-size: medium;\"> (percussions) <\/span><\/span><span style=\"font-family: Candara,sans-serif;\"><span style=\"font-size: medium;\">et <\/span><\/span><span style=\"font-family: Candara,sans-serif;\"><span style=\"font-size: medium;\"><b>Marc Bul\u00e9on<\/b><\/span><\/span><span style=\"font-family: Candara,sans-serif;\"><span style=\"font-size: medium;\"> (conte) pour vous accompagner au plus profond des Enfers o\u00f9 s\u00e9journent <\/span><\/span><em><span style=\"font-family: Candara,sans-serif;\">Sisyphe<\/span><\/em><span style=\"font-family: Candara,sans-serif;\">, Tantale, Had\u00e8s, Cerb\u00e8re et bien s\u00fbr Eurydice et Orph\u00e9e&#8230;<\/span><\/p>\n<p><a href=\"https:\/\/www.dailymotion.com\/video\/x4g453r\">https:\/\/www.dailymotion.com\/video\/x4g453r<\/a><\/p>\n<p class=\"western\"><a href=\"https:\/\/encressonores.blogspot.com\">https:\/\/zcommemusic.blogspot.com<\/a><\/p>\n<p class=\"western\" align=\"JUSTIFY\"><a href=\"https:\/\/i2.wp.com\/marcbuleon.com\/conte\/wp-content\/uploads\/2015\/09\/orphee-credit-Mr-Ferrow.jpg\"><img data-attachment-id=\"630\" data-permalink=\"https:\/\/marcbuleon.com\/conte\/?attachment_id=630\" data-orig-file=\"https:\/\/i2.wp.com\/marcbuleon.com\/conte\/wp-content\/uploads\/2015\/09\/orphee-credit-Mr-Ferrow.jpg?fit=5472%2C3648&amp;ssl=1\" data-orig-size=\"5472,3648\" data-comments-opened=\"0\" data-image-meta=\"{&quot;aperture&quot;:&quot;7.1&quot;,&quot;credit&quot;:&quot;&quot;,&quot;camera&quot;:&quot;Canon EOS 6D&quot;,&quot;caption&quot;:&quot;&quot;,&quot;created_timestamp&quot;:&quot;946685156&quot;,&quot;copyright&quot;:&quot;&quot;,&quot;focal_length&quot;:&quot;35&quot;,&quot;iso&quot;:&quot;800&quot;,&quot;shutter_speed&quot;:&quot;0.0055555555555556&quot;,&quot;title&quot;:&quot;&quot;,&quot;orientation&quot;:&quot;1&quot;}\" data-image-title=\"orphee &#8211; credit Mr Ferrow\" data-image-description=\"\" data-medium-file=\"https:\/\/i2.wp.com\/marcbuleon.com\/conte\/wp-content\/uploads\/2015\/09\/orphee-credit-Mr-Ferrow.jpg?fit=300%2C200&amp;ssl=1\" data-large-file=\"https:\/\/i2.wp.com\/marcbuleon.com\/conte\/wp-content\/uploads\/2015\/09\/orphee-credit-Mr-Ferrow.jpg?fit=665%2C444&amp;ssl=1\" loading=\"lazy\" class=\" size-medium wp-image-630 aligncenter\" src=\"https:\/\/i2.wp.com\/marcbuleon.com\/conte\/wp-content\/uploads\/2015\/09\/orphee-credit-Mr-Ferrow.jpg?resize=300%2C200\" alt=\"orphee - credit Mr Ferrow\" width=\"300\" height=\"200\" srcset=\"https:\/\/i2.wp.com\/marcbuleon.com\/conte\/wp-content\/uploads\/2015\/09\/orphee-credit-Mr-Ferrow.jpg?resize=300%2C200&amp;ssl=1 300w, https:\/\/i2.wp.com\/marcbuleon.com\/conte\/wp-content\/uploads\/2015\/09\/orphee-credit-Mr-Ferrow.jpg?resize=1024%2C683&amp;ssl=1 1024w, https:\/\/i2.wp.com\/marcbuleon.com\/conte\/wp-content\/uploads\/2015\/09\/orphee-credit-Mr-Ferrow.jpg?w=1330 1330w, https:\/\/i2.wp.com\/marcbuleon.com\/conte\/wp-content\/uploads\/2015\/09\/orphee-credit-Mr-Ferrow.jpg?w=1995 1995w\" sizes=\"(max-width: 300px) 100vw, 300px\" data-recalc-dims=\"1\" \/><\/a><\/p>\n\n\n<p><mark style=\"background-color:rgba(0, 0, 0, 0)\" class=\"has-inline-color has-vivid-cyan-blue-color\">Pour plus d\u2019informations : marcbuleon@hotmail.com \u2013 00 33 6 61 89 92 94<\/mark>\u00a0<\/p>\n","protected":false},"excerpt":{"rendered":"<p>\u00a0 42.195, le marathon d&rsquo;une vie \u00ab\u00a0On vogue de Jean Echenoz \u00e0 Hom\u00e8re, de moments l\u00e9gers aux sc\u00e8nes intenses, des sourires aux discr\u00e8tes larmes&#8230;\u00a0\u00bb\u00a0 Fanny Guyomard, Les Echos Week-End \u00a0 L&rsquo;histoire : 42.195, c\u2019est la longueur pr\u00e9cise, en m\u00e8tres, d\u2019un marathon. A vingt ans Z\u00e9phyrin Legros r\u00eave de devenir champion de la discipline. Sur les [&hellip;]<\/p>\n","protected":false},"author":2,"featured_media":0,"parent":0,"menu_order":0,"comment_status":"closed","ping_status":"closed","template":"","meta":{"spay_email":""},"jetpack_sharing_enabled":true,"jetpack_likes_enabled":true,"_links":{"self":[{"href":"https:\/\/marcbuleon.com\/conte\/index.php?rest_route=\/wp\/v2\/pages\/259"}],"collection":[{"href":"https:\/\/marcbuleon.com\/conte\/index.php?rest_route=\/wp\/v2\/pages"}],"about":[{"href":"https:\/\/marcbuleon.com\/conte\/index.php?rest_route=\/wp\/v2\/types\/page"}],"author":[{"embeddable":true,"href":"https:\/\/marcbuleon.com\/conte\/index.php?rest_route=\/wp\/v2\/users\/2"}],"replies":[{"embeddable":true,"href":"https:\/\/marcbuleon.com\/conte\/index.php?rest_route=%2Fwp%2Fv2%2Fcomments&post=259"}],"version-history":[{"count":7,"href":"https:\/\/marcbuleon.com\/conte\/index.php?rest_route=\/wp\/v2\/pages\/259\/revisions"}],"predecessor-version":[{"id":943,"href":"https:\/\/marcbuleon.com\/conte\/index.php?rest_route=\/wp\/v2\/pages\/259\/revisions\/943"}],"wp:attachment":[{"href":"https:\/\/marcbuleon.com\/conte\/index.php?rest_route=%2Fwp%2Fv2%2Fmedia&parent=259"}],"curies":[{"name":"wp","href":"https:\/\/api.w.org\/{rel}","templated":true}]}}

<h1> </h1>
<blockquote>
<h1 class="title"><a style="color: #b70100;" title="BABEL" href="http://marcbuleon.com/conte/?page_id=159" rel="bookmark">42.195, le marathon d&rsquo;une vie</a></h1>
<h4><em><span style="color: #0000ff;">« On vogue de Jean Echenoz à Homère, de moments légers aux scènes intenses, des sourires aux discrètes larmes&#8230; »</span></em>  Fanny Guyomard, Les Echos Week-End</h4>
</blockquote>
<h3> </h3>
<h2>L&rsquo;histoire :</h2>
<h5 style="text-align: left;"><strong>42.195, c’est la longueur précise, en mètres, d’un marathon.</strong></h5>
<h5 style="text-align: left;"><strong>A vingt ans Zéphyrin Legros rêve de devenir champion de la discipline.</strong></h5>
<h5 style="text-align: left;"><strong>Sur les chemins escarpés de l&rsquo;entraînement intensif, plusieurs fois il se fourvoie. Un jour il va trop loin et sa vie bascule.</strong></h5>
<h5 style="text-align: left;"><strong>4 mètres, c’est la distance que devra tenter de franchir ce même Zéphyrin Legros à l’âge de quatre-vingts ans, la distance qui sépare le fauteuil sur lequel il est assis de la porte des toilettes de sa chambre à la maison de retraite…</strong></h5>
<h5 style="text-align: left;"><strong>42.195 est un spectacle qui parle de la trace qu’on laisse derrière soi. (Voir vidéo)</strong></h5>
<h1 class="title"><a style="color: #b70100;" title="BABEL" href="http://marcbuleon.com/conte/?page_id=159" rel="bookmark">BABEL</a></h1>
<div class="entry">
<div>
<p><img data-attachment-id="261" data-permalink="https://marcbuleon.com/conte/?attachment_id=261" data-orig-file="https://i2.wp.com/marcbuleon.com/conte/wp-content/uploads/2014/08/unnamed-e1409316691853.jpg?fit=500%2C375&amp;ssl=1" data-orig-size="500,375" data-comments-opened="0" data-image-meta="{&quot;aperture&quot;:&quot;0&quot;,&quot;credit&quot;:&quot;&quot;,&quot;camera&quot;:&quot;&quot;,&quot;caption&quot;:&quot;&quot;,&quot;created_timestamp&quot;:&quot;0&quot;,&quot;copyright&quot;:&quot;&quot;,&quot;focal_length&quot;:&quot;0&quot;,&quot;iso&quot;:&quot;0&quot;,&quot;shutter_speed&quot;:&quot;0&quot;,&quot;title&quot;:&quot;&quot;}" data-image-title="Tour de Babel conte" data-image-description="" data-medium-file="https://i2.wp.com/marcbuleon.com/conte/wp-content/uploads/2014/08/unnamed-e1409316691853.jpg?fit=300%2C225&amp;ssl=1" data-large-file="https://i2.wp.com/marcbuleon.com/conte/wp-content/uploads/2014/08/unnamed-e1409316691853.jpg?fit=500%2C375&amp;ssl=1" loading="lazy" class="alignright wp-image-261 " src="https://i1.wp.com/marcbuleon.com/conte/wp-content/uploads/2014/08/unnamed.jpg?resize=109%2C82" alt="Tour de Babel conte" width="109" height="82" data-recalc-dims="1" /></p>
<h2>Récit et théâtre d’objets <em><strong>(Ce spectacle n&rsquo;est plus disponible)</strong></em></h2>
<p>Ce spectacle de Marc Buléon, créé en décembre 2013,  est un conte fabuleux, un rêve inaccessible autour de la mythique tour de Babel (Voir vidéo).</p>
<h1 class="title"><a style="color: #b70100;" title="La géométrie des silences" href="http://marcbuleon.com/conte/?page_id=151" rel="bookmark">La géométrie des silences</a></h1>
<div class="entry">
<div>
<p><img loading="lazy" style="color: #000000;" src="https://i1.wp.com/www.marcbuleon.com/images/gds.jpg?resize=80%2C120" alt="" width="80" height="120" align="right" data-recalc-dims="1" /></p>
<h2>Récit imaginaire de vraies vies</h2>
<p>« La géométrie des silences » est un récit nourri du travail que Marc Buléon mène depuis de nombreuses années  auprès de huit conteurs-musiciens autistes adultes et de collectages effectués dans leurs familles.</p>
<p>La vie de l’un d’entre eux, de sa naissance à aujourd’hui, et son passage de la non parole à une forme de parole, complètement éclatée certes mais pleinement assumée, constitue l’ossature de ce récit. (Voir vidéo)</p>
</div>
<div>
<h1 class="title"><a style="color: #b70100;" title="A portée de voix – récit imaginaire de vraies vies" href="http://marcbuleon.com/conte/?page_id=155" rel="bookmark">A portée de voix</a></h1>
<div class="entry">
<div>
<p><img loading="lazy" class="alignright" style="color: #000000;" src="https://i1.wp.com/www.marcbuleon.com/images/gds2.jpg?resize=82%2C123" alt="" width="82" height="123" align="left" data-recalc-dims="1" /></p>
<h2><b>Récit imaginaire de vraies vies</b></h2>
<p>« A portée de voix » raconte l’odyssée de compagnons autistes qui se battent durant des années pour acquérir une certaine forme de parole et pouvoir un jour partager leurs histoires avec un large public. (Voir vidéo)</p>
</div>
<div> </div>
</div>
</div>
</div>
</div>
</div>
<h1 class="title"><a style="color: #b70100;" title="A portée de voix – récit imaginaire de vraies vies" href="http://marcbuleon.com/conte/?page_id=155" rel="bookmark">Orphée, sur l&rsquo;autre rive du fleuve</a></h1>
<p class="western"><span style="font-family: Candara,sans-serif;"><span style="font-size: medium;">Nous sommes trois, </span></span><span style="font-family: Candara,sans-serif;"><span style="font-size: medium;"><b>Julien Béhar </b></span></span><span style="font-family: Candara,sans-serif;"><span style="font-size: medium;">(saxophones), </span></span><span style="font-family: Candara,sans-serif;"><span style="font-size: medium;"><b>Christophe Chaïr</b></span></span><span style="font-family: Candara,sans-serif;"><span style="font-size: medium;"> (percussions) </span></span><span style="font-family: Candara,sans-serif;"><span style="font-size: medium;">et </span></span><span style="font-family: Candara,sans-serif;"><span style="font-size: medium;"><b>Marc Buléon</b></span></span><span style="font-family: Candara,sans-serif;"><span style="font-size: medium;"> (conte) pour vous accompagner au plus profond des Enfers où séjournent </span></span><em><span style="font-family: Candara,sans-serif;">Sisyphe</span></em><span style="font-family: Candara,sans-serif;">, Tantale, Hadès, Cerbère et bien sûr Eurydice et Orphée&#8230;</span></p>
<p><a href="https://www.dailymotion.com/video/x4g453r">https://www.dailymotion.com/video/x4g453r</a></p>
<p class="western"><a href="https://encressonores.blogspot.com">https://zcommemusic.blogspot.com</a></p>
<p class="western" align="JUSTIFY"><a href="https://i2.wp.com/marcbuleon.com/conte/wp-content/uploads/2015/09/orphee-credit-Mr-Ferrow.jpg"><img data-attachment-id="630" data-permalink="https://marcbuleon.com/conte/?attachment_id=630" data-orig-file="https://i2.wp.com/marcbuleon.com/conte/wp-content/uploads/2015/09/orphee-credit-Mr-Ferrow.jpg?fit=5472%2C3648&amp;ssl=1" data-orig-size="5472,3648" data-comments-opened="0" data-image-meta="{&quot;aperture&quot;:&quot;7.1&quot;,&quot;credit&quot;:&quot;&quot;,&quot;camera&quot;:&quot;Canon EOS 6D&quot;,&quot;caption&quot;:&quot;&quot;,&quot;created_timestamp&quot;:&quot;946685156&quot;,&quot;copyright&quot;:&quot;&quot;,&quot;focal_length&quot;:&quot;35&quot;,&quot;iso&quot;:&quot;800&quot;,&quot;shutter_speed&quot;:&quot;0.0055555555555556&quot;,&quot;title&quot;:&quot;&quot;,&quot;orientation&quot;:&quot;1&quot;}" data-image-title="orphee &#8211; credit Mr Ferrow" data-image-description="" data-medium-file="https://i2.wp.com/marcbuleon.com/conte/wp-content/uploads/2015/09/orphee-credit-Mr-Ferrow.jpg?fit=300%2C200&amp;ssl=1" data-large-file="https://i2.wp.com/marcbuleon.com/conte/wp-content/uploads/2015/09/orphee-credit-Mr-Ferrow.jpg?fit=665%2C444&amp;ssl=1" loading="lazy" class=" size-medium wp-image-630 aligncenter" src="https://i2.wp.com/marcbuleon.com/conte/wp-content/uploads/2015/09/orphee-credit-Mr-Ferrow.jpg?resize=300%2C200" alt="orphee - credit Mr Ferrow" width="300" height="200" srcset="https://i2.wp.com/marcbuleon.com/conte/wp-content/uploads/2015/09/orphee-credit-Mr-Ferrow.jpg?resize=300%2C200&amp;ssl=1 300w, https://i2.wp.com/marcbuleon.com/conte/wp-content/uploads/2015/09/orphee-credit-Mr-Ferrow.jpg?resize=1024%2C683&amp;ssl=1 1024w, https://i2.wp.com/marcbuleon.com/conte/wp-content/uploads/2015/09/orphee-credit-Mr-Ferrow.jpg?w=1330 1330w, https://i2.wp.com/marcbuleon.com/conte/wp-content/uploads/2015/09/orphee-credit-Mr-Ferrow.jpg?w=1995 1995w" sizes="(max-width: 300px) 100vw, 300px" data-recalc-dims="1" /></a></p>


<p><mark style="background-color:rgba(0, 0, 0, 0)" class="has-inline-color has-vivid-cyan-blue-color">Pour plus d’informations : marcbuleon@hotmail.com – 00 33 6 61 89 92 94</mark> </p>

<p>  42.195, le marathon d&rsquo;une vie « On vogue de Jean Echenoz à Homère, de moments légers aux scènes intenses, des sourires aux discrètes larmes&#8230; »  Fanny Guyomard, Les Echos Week-End   L&rsquo;histoire : 42.195, c’est la longueur précise, en mètres, d’un marathon. A vingt ans Zéphyrin Legros rêve de devenir champion de la discipline. Sur les [&hellip;]</p>
