{"id":250,"date":"2014-08-29T10:59:21","date_gmt":"2014-08-29T10:59:21","guid":{"rendered":"http:\/\/marcbuleon.com\/conte\/?page_id=250"},"modified":"2020-01-30T15:32:22","modified_gmt":"2020-01-30T15:32:22","slug":"videos","status":"publish","type":"page","link":"https:\/\/marcbuleon.com\/conte\/?page_id=250","title":{"rendered":"Vid\u00e9os"},"content":{"rendered":"<p>&nbsp;<\/p>\n<h1 style=\"text-align: left;\"><\/h1>\n<h1 style=\"text-align: left;\">\u00ab\u00a042.195\u00a0\u00bb &#8211; \u00e0 partir de 11 ans<\/h1>\n<p><span class=\"embed-youtube\" style=\"text-align:center; display: block;\"><iframe class='youtube-player' type='text\/html' width='665' height='375' src='https:\/\/www.youtube.com\/embed\/AJD73C8D96E?version=3&#038;rel=1&#038;fs=1&#038;autohide=2&#038;showsearch=0&#038;showinfo=1&#038;iv_load_policy=1&#038;wmode=transparent' allowfullscreen='true' style='border:0;'><\/iframe><\/span><\/p>\n<h1 style=\"text-align: left;\"><\/h1>\n<h1 style=\"text-align: left;\"><\/h1>\n<h1 style=\"text-align: left;\">\u00a0\u00bb Le grand plongeon\u00a0\u00bb (contes et dessin) &#8211; \u00e0 partir de 3 ans<\/h1>\n<p><span class=\"embed-youtube\" style=\"text-align:center; display: block;\"><iframe class='youtube-player' type='text\/html' width='665' height='375' src='https:\/\/www.youtube.com\/embed\/ucCL-e8nR_U?version=3&#038;rel=1&#038;fs=1&#038;autohide=2&#038;showsearch=0&#038;showinfo=1&#038;iv_load_policy=1&#038;wmode=transparent' allowfullscreen='true' style='border:0;'><\/iframe><\/span><\/p>\n<p>&nbsp;<\/p>\n<h1 style=\"text-align: left;\">\u00ab\u00a0Envol\u00a0\u00bb (conte et dessin) _ \u00e0 partir de 7 ans<\/h1>\n<p><span class=\"embed-youtube\" style=\"text-align:center; display: block;\"><iframe class='youtube-player' type='text\/html' width='665' height='375' src='https:\/\/www.youtube.com\/embed\/a8B2sBR45_4?version=3&#038;rel=1&#038;fs=1&#038;autohide=2&#038;showsearch=0&#038;showinfo=1&#038;iv_load_policy=1&#038;wmode=transparent' allowfullscreen='true' style='border:0;'><\/iframe><\/span><\/p>\n<h1 style=\"text-align: left;\"><\/h1>\n<h1 style=\"text-align: left;\">\u00ab\u00a0Orph\u00e9e, sur l&rsquo;autre rive du fleuve\u00a0\u00bb (conte &amp; jazz)<\/h1>\n<p>Une cr\u00e9ation pour une voix,\u00a0 saxophones et percussions.<\/p>\n<p><span class=\"embed-youtube\" style=\"text-align:center; display: block;\"><iframe class='youtube-player' type='text\/html' width='665' height='375' src='https:\/\/www.youtube.com\/embed\/BX4HX4gsZHc?version=3&#038;rel=1&#038;fs=1&#038;autohide=2&#038;showsearch=0&#038;showinfo=1&#038;iv_load_policy=1&#038;wmode=transparent' allowfullscreen='true' style='border:0;'><\/iframe><\/span><\/p>\n<p>&nbsp;<\/p>\n<h1><\/h1>\n<p>&nbsp;<\/p>\n<h1 style=\"text-align: left;\"><strong>\u00ab\u00a0Inconnu-e-s\u00a0\u00bb<br \/>\n<\/strong><\/h1>\n<p style=\"text-align: left;\">Une cr\u00e9ation qui r\u00e9unit des conteurs de sesame autisme, un conteur professionnel, une traductrice en langue des signes, une plasticienne et une chor\u00e9graphe&#8230;<\/p>\n<p><span class=\"embed-youtube\" style=\"text-align:center; display: block;\"><iframe class='youtube-player' type='text\/html' width='665' height='375' src='https:\/\/www.youtube.com\/embed\/vDhJo26hdtM?version=3&#038;rel=1&#038;fs=1&#038;autohide=2&#038;showsearch=0&#038;showinfo=1&#038;iv_load_policy=1&#038;wmode=transparent' allowfullscreen='true' style='border:0;'><\/iframe><\/span><\/p>\n<p>&nbsp;<\/p>\n<p>&nbsp;<\/p>\n<p>&nbsp;<\/p>\n<h1><\/h1>\n<h1><a title=\"BABEL\" href=\"http:\/\/marcbuleon.com\/conte\/?page_id=159\">Babel<\/a><\/h1>\n<h2>R\u00e9cit et th\u00e9\u00e2tre d&rsquo;objets<\/h2>\n<p><iframe loading=\"lazy\" src=\"https:\/\/player.vimeo.com\/video\/85234480?color=377c8b&amp;title=0&amp;byline=0&amp;portrait=0\" width=\"500\" height=\"281\" frameborder=\"0\" allowfullscreen=\"allowfullscreen\"><\/iframe><\/p>\n<p>&nbsp;<\/p>\n<h1><a title=\"BABEL\" href=\"http:\/\/marcbuleon.com\/conte\/?page_id=159\">La g\u00e9om\u00e9trie des silences<\/a><\/h1>\n<h2>R\u00e9cit imaginaire de vraies vies<\/h2>\n<p><iframe loading=\"lazy\" src=\"\/\/www.youtube.com\/embed\/A8KcB2RdNDM\" width=\"560\" height=\"315\" frameborder=\"0\" allowfullscreen=\"allowfullscreen\"><\/iframe><\/p>\n","protected":false},"excerpt":{"rendered":"<p>&nbsp; \u00ab\u00a042.195\u00a0\u00bb &#8211; \u00e0 partir de 11 ans \u00a0\u00bb Le grand plongeon\u00a0\u00bb (contes et dessin) &#8211; \u00e0 partir de 3 ans &nbsp; \u00ab\u00a0Envol\u00a0\u00bb (conte et dessin) _ \u00e0 partir de 7 ans \u00ab\u00a0Orph\u00e9e, sur l&rsquo;autre rive du fleuve\u00a0\u00bb (conte &amp; jazz) Une cr\u00e9ation pour une voix,\u00a0 saxophones et percussions. &nbsp; &nbsp; \u00ab\u00a0Inconnu-e-s\u00a0\u00bb Une cr\u00e9ation qui [&hellip;]<\/p>\n","protected":false},"author":1,"featured_media":0,"parent":0,"menu_order":0,"comment_status":"closed","ping_status":"closed","template":"","meta":{"spay_email":""},"jetpack_sharing_enabled":true,"jetpack_likes_enabled":true,"_links":{"self":[{"href":"https:\/\/marcbuleon.com\/conte\/index.php?rest_route=\/wp\/v2\/pages\/250"}],"collection":[{"href":"https:\/\/marcbuleon.com\/conte\/index.php?rest_route=\/wp\/v2\/pages"}],"about":[{"href":"https:\/\/marcbuleon.com\/conte\/index.php?rest_route=\/wp\/v2\/types\/page"}],"author":[{"embeddable":true,"href":"https:\/\/marcbuleon.com\/conte\/index.php?rest_route=\/wp\/v2\/users\/1"}],"replies":[{"embeddable":true,"href":"https:\/\/marcbuleon.com\/conte\/index.php?rest_route=%2Fwp%2Fv2%2Fcomments&post=250"}],"version-history":[{"count":38,"href":"https:\/\/marcbuleon.com\/conte\/index.php?rest_route=\/wp\/v2\/pages\/250\/revisions"}],"predecessor-version":[{"id":718,"href":"https:\/\/marcbuleon.com\/conte\/index.php?rest_route=\/wp\/v2\/pages\/250\/revisions\/718"}],"wp:attachment":[{"href":"https:\/\/marcbuleon.com\/conte\/index.php?rest_route=%2Fwp%2Fv2%2Fmedia&parent=250"}],"curies":[{"name":"wp","href":"https:\/\/api.w.org\/{rel}","templated":true}]}}

Vidéos

<p>&nbsp;</p>
<h1 style="text-align: left;"></h1>
<h1 style="text-align: left;">« 42.195 » &#8211; à partir de 11 ans</h1>
<p><span class="embed-youtube" style="text-align:center; display: block;"><iframe class='youtube-player' type='text/html' width='665' height='375' src='https://www.youtube.com/embed/AJD73C8D96E?version=3&#038;rel=1&#038;fs=1&#038;autohide=2&#038;showsearch=0&#038;showinfo=1&#038;iv_load_policy=1&#038;wmode=transparent' allowfullscreen='true' style='border:0;'></iframe></span></p>
<h1 style="text-align: left;"></h1>
<h1 style="text-align: left;"></h1>
<h1 style="text-align: left;"> » Le grand plongeon » (contes et dessin) &#8211; à partir de 3 ans</h1>
<p><span class="embed-youtube" style="text-align:center; display: block;"><iframe class='youtube-player' type='text/html' width='665' height='375' src='https://www.youtube.com/embed/ucCL-e8nR_U?version=3&#038;rel=1&#038;fs=1&#038;autohide=2&#038;showsearch=0&#038;showinfo=1&#038;iv_load_policy=1&#038;wmode=transparent' allowfullscreen='true' style='border:0;'></iframe></span></p>
<p>&nbsp;</p>
<h1 style="text-align: left;">« Envol » (conte et dessin) _ à partir de 7 ans</h1>
<p><span class="embed-youtube" style="text-align:center; display: block;"><iframe class='youtube-player' type='text/html' width='665' height='375' src='https://www.youtube.com/embed/a8B2sBR45_4?version=3&#038;rel=1&#038;fs=1&#038;autohide=2&#038;showsearch=0&#038;showinfo=1&#038;iv_load_policy=1&#038;wmode=transparent' allowfullscreen='true' style='border:0;'></iframe></span></p>
<h1 style="text-align: left;"></h1>
<h1 style="text-align: left;">« Orphée, sur l&rsquo;autre rive du fleuve » (conte &amp; jazz)</h1>
<p>Une création pour une voix,  saxophones et percussions.</p>
<p><span class="embed-youtube" style="text-align:center; display: block;"><iframe class='youtube-player' type='text/html' width='665' height='375' src='https://www.youtube.com/embed/BX4HX4gsZHc?version=3&#038;rel=1&#038;fs=1&#038;autohide=2&#038;showsearch=0&#038;showinfo=1&#038;iv_load_policy=1&#038;wmode=transparent' allowfullscreen='true' style='border:0;'></iframe></span></p>
<p>&nbsp;</p>
<h1></h1>
<p>&nbsp;</p>
<h1 style="text-align: left;"><strong>« Inconnu-e-s »<br />
</strong></h1>
<p style="text-align: left;">Une création qui réunit des conteurs de sesame autisme, un conteur professionnel, une traductrice en langue des signes, une plasticienne et une chorégraphe&#8230;</p>
<p><span class="embed-youtube" style="text-align:center; display: block;"><iframe class='youtube-player' type='text/html' width='665' height='375' src='https://www.youtube.com/embed/vDhJo26hdtM?version=3&#038;rel=1&#038;fs=1&#038;autohide=2&#038;showsearch=0&#038;showinfo=1&#038;iv_load_policy=1&#038;wmode=transparent' allowfullscreen='true' style='border:0;'></iframe></span></p>
<p>&nbsp;</p>
<p>&nbsp;</p>
<p>&nbsp;</p>
<h1></h1>
<h1><a title="BABEL" href="http://marcbuleon.com/conte/?page_id=159">Babel</a></h1>
<h2>Récit et théâtre d&rsquo;objets</h2>
<p><iframe loading="lazy" src="https://player.vimeo.com/video/85234480?color=377c8b&amp;title=0&amp;byline=0&amp;portrait=0" width="500" height="281" frameborder="0" allowfullscreen="allowfullscreen"></iframe></p>
<p>&nbsp;</p>
<h1><a title="BABEL" href="http://marcbuleon.com/conte/?page_id=159">La géométrie des silences</a></h1>
<h2>Récit imaginaire de vraies vies</h2>
<p><iframe loading="lazy" src="//www.youtube.com/embed/A8KcB2RdNDM" width="560" height="315" frameborder="0" allowfullscreen="allowfullscreen"></iframe></p>

<p>&nbsp; « 42.195 » &#8211; à partir de 11 ans  » Le grand plongeon » (contes et dessin) &#8211; à partir de 3 ans &nbsp; « Envol » (conte et dessin) _ à partir de 7 ans « Orphée, sur l&rsquo;autre rive du fleuve » (conte &amp; jazz) Une création pour une voix,  saxophones et percussions. &nbsp; &nbsp; « Inconnu-e-s » Une création qui [&hellip;]</p>
