{"id":166,"date":"2014-07-30T15:05:39","date_gmt":"2014-07-30T15:05:39","guid":{"rendered":"http:\/\/marcbuleon.com\/conte\/?page_id=166"},"modified":"2020-08-12T14:15:32","modified_gmt":"2020-08-12T14:15:32","slug":"contes-de-ruses-denigmes-et-de-poursuites","status":"publish","type":"page","link":"https:\/\/marcbuleon.com\/conte\/?page_id=166","title":{"rendered":"Contes de ruses, d&rsquo;\u00e9nigmes et de poursuites"},"content":{"rendered":"<div>\n<p><span style=\"text-decoration: underline;\"><b>\u00a0<\/b>A partir de 6 ans<\/span><\/p>\n<p>\u00a0<\/p>\n<p><strong>Les histoires :<\/strong><br \/>Elles parlent de ruses, de voleurs sympathiques, de fous qui ne le sont pas et de doux imb\u00e9ciles. Elles d\u00e9voilent aussi, derri\u00e8re la fac\u00e9tie et pour qui sait \u00e9couter, un savoir ancestral fait de bon sens et de sagesse.<a href=\"https:\/\/i0.wp.com\/marcbuleon.com\/conte\/wp-content\/uploads\/2020\/08\/Photo-bien-scaled.jpg\"><img data-attachment-id=\"829\" data-permalink=\"https:\/\/marcbuleon.com\/conte\/?attachment_id=829\" data-orig-file=\"https:\/\/i0.wp.com\/marcbuleon.com\/conte\/wp-content\/uploads\/2020\/08\/Photo-bien-scaled.jpg?fit=1706%2C2560&amp;ssl=1\" data-orig-size=\"1706,2560\" data-comments-opened=\"0\" data-image-meta=\"{&quot;aperture&quot;:&quot;2.8&quot;,&quot;credit&quot;:&quot;&quot;,&quot;camera&quot;:&quot;Canon EOS 6D&quot;,&quot;caption&quot;:&quot;&quot;,&quot;created_timestamp&quot;:&quot;1446149482&quot;,&quot;copyright&quot;:&quot;&quot;,&quot;focal_length&quot;:&quot;85&quot;,&quot;iso&quot;:&quot;3200&quot;,&quot;shutter_speed&quot;:&quot;0.00125&quot;,&quot;title&quot;:&quot;&quot;,&quot;orientation&quot;:&quot;0&quot;}\" data-image-title=\"Photo bien\" data-image-description=\"\" data-medium-file=\"https:\/\/i0.wp.com\/marcbuleon.com\/conte\/wp-content\/uploads\/2020\/08\/Photo-bien-scaled.jpg?fit=200%2C300&amp;ssl=1\" data-large-file=\"https:\/\/i0.wp.com\/marcbuleon.com\/conte\/wp-content\/uploads\/2020\/08\/Photo-bien-scaled.jpg?fit=665%2C997&amp;ssl=1\" loading=\"lazy\" class=\"alignright size-medium wp-image-829\" src=\"https:\/\/i2.wp.com\/marcbuleon.com\/conte\/wp-content\/uploads\/2020\/08\/Photo-bien.jpg?resize=200%2C300\" alt=\"\" width=\"200\" height=\"300\" srcset=\"https:\/\/i0.wp.com\/marcbuleon.com\/conte\/wp-content\/uploads\/2020\/08\/Photo-bien-scaled.jpg?resize=200%2C300&amp;ssl=1 200w, https:\/\/i0.wp.com\/marcbuleon.com\/conte\/wp-content\/uploads\/2020\/08\/Photo-bien-scaled.jpg?resize=683%2C1024&amp;ssl=1 683w, https:\/\/i0.wp.com\/marcbuleon.com\/conte\/wp-content\/uploads\/2020\/08\/Photo-bien-scaled.jpg?resize=768%2C1152&amp;ssl=1 768w, https:\/\/i0.wp.com\/marcbuleon.com\/conte\/wp-content\/uploads\/2020\/08\/Photo-bien-scaled.jpg?resize=1024%2C1536&amp;ssl=1 1024w, https:\/\/i0.wp.com\/marcbuleon.com\/conte\/wp-content\/uploads\/2020\/08\/Photo-bien-scaled.jpg?resize=1365%2C2048&amp;ssl=1 1365w, https:\/\/i0.wp.com\/marcbuleon.com\/conte\/wp-content\/uploads\/2020\/08\/Photo-bien-scaled.jpg?w=1706&amp;ssl=1 1706w\" sizes=\"(max-width: 200px) 100vw, 200px\" data-recalc-dims=\"1\" \/><\/a><br \/>Avec elles, le conteur emm\u00e8ne les gens \u00e0 la rencontre des mendiants et des rois, des puissants et des faibles.<br \/>Et toujours, par del\u00e0 le rire, se profile une certaine id\u00e9e de la justice.\u00a0<\/p>\n<p>\u00a0<\/p>\n<\/div>\n\n\n<p><span class=\"has-inline-color has-vivid-cyan-blue-color\"><em>Plus de renseignements : marcbuleon@hotmail.com \/ 00 33 6 61 89 92 94<\/em><\/span><\/p>\n","protected":false},"excerpt":{"rendered":"<p>\u00a0A partir de 6 ans \u00a0 Les histoires :Elles parlent de ruses, de voleurs sympathiques, de fous qui ne le sont pas et de doux imb\u00e9ciles. Elles d\u00e9voilent aussi, derri\u00e8re la fac\u00e9tie et pour qui sait \u00e9couter, un savoir ancestral fait de bon sens et de sagesse.Avec elles, le conteur emm\u00e8ne les gens \u00e0 la [&hellip;]<\/p>\n","protected":false},"author":1,"featured_media":0,"parent":24,"menu_order":11,"comment_status":"closed","ping_status":"closed","template":"","meta":{"spay_email":""},"jetpack_sharing_enabled":true,"jetpack_likes_enabled":true,"_links":{"self":[{"href":"https:\/\/marcbuleon.com\/conte\/index.php?rest_route=\/wp\/v2\/pages\/166"}],"collection":[{"href":"https:\/\/marcbuleon.com\/conte\/index.php?rest_route=\/wp\/v2\/pages"}],"about":[{"href":"https:\/\/marcbuleon.com\/conte\/index.php?rest_route=\/wp\/v2\/types\/page"}],"author":[{"embeddable":true,"href":"https:\/\/marcbuleon.com\/conte\/index.php?rest_route=\/wp\/v2\/users\/1"}],"replies":[{"embeddable":true,"href":"https:\/\/marcbuleon.com\/conte\/index.php?rest_route=%2Fwp%2Fv2%2Fcomments&post=166"}],"version-history":[{"count":5,"href":"https:\/\/marcbuleon.com\/conte\/index.php?rest_route=\/wp\/v2\/pages\/166\/revisions"}],"predecessor-version":[{"id":830,"href":"https:\/\/marcbuleon.com\/conte\/index.php?rest_route=\/wp\/v2\/pages\/166\/revisions\/830"}],"up":[{"embeddable":true,"href":"https:\/\/marcbuleon.com\/conte\/index.php?rest_route=\/wp\/v2\/pages\/24"}],"wp:attachment":[{"href":"https:\/\/marcbuleon.com\/conte\/index.php?rest_route=%2Fwp%2Fv2%2Fmedia&parent=166"}],"curies":[{"name":"wp","href":"https:\/\/api.w.org\/{rel}","templated":true}]}}